(-6 + (p - -1)). Let c = -104 - m. What is the tens digit of c?
2
Let x = 215 - 216. What is the hundreds digit of x/(((-4)/(-2))/(-2480))?
2
Suppose 23076 = 7*c - 37460. What is the tens digit of c?
4
Suppose 9*m + 186*m = 4767750. What is the tens digit of m?
5
Suppose 5*w - 20*w + 1547161 = 414571. What is the tens digit of w?
0
Suppose 169016 = 34*z - 196586. What is the thousands digit of z?
0
Suppose 5*c - 16 = 6*c. Let m be 209/9 - 3*c/(-216). Suppose r + m - 131 = 0. What is the hundreds digit of r?
1
Let q(f) = f + 58. Let d be q(-14). What is the units digit of (7011/(-27))/(-4 + d/12)?
9
Let w(j) = j**3 + 9*j**2 - 20. Let n be w(-9). Let y(q) = -19*q + 68. What is the units digit of y(n)?
8
Let t = -8810 + 8999. What is the units digit of t?
9
Suppose -3646 = -60*t - 3646. Let w be 3 + -1 + 0 + 1. Suppose t = w*g - 99 - 159. What is the tens digit of g?
8
Suppose u = 3*j - 66 - 332, 0 = -2*j + u + 266. Suppose 6*r + j = 1422. What is the tens digit of r?
1
Let u(c) = c**3 - 2*c**2 - 2*c + 12. Suppose -3 = 4*x + 13. Let v be -5*1*(x - -3). What is the units digit of u(v)?
7
Let m = 5429 - -451. Suppose 2480 = 11*n - m. What is the hundreds digit of n?
7
Suppose -2*s + 1169 = -5*z + 93298, -4*z - s + 73685 = 0. What is the tens digit of z?
2
Let j(g) = 13*g**2 - 30*g - 33. Let b be j(12). Let q = b + -717. What is the tens digit of q?
6
Suppose -6*k + 10*k - 100 = 0. Let p be 12/10*k/10*2. What is the hundreds digit of (-185 - 1)*4*(-2)/p?
2
Suppose -448795 = -30*j + 239315. What is the ten thousands digit of j?
2
What is the tens digit of -14 + -1 + 8077 + 3?
6
Let y = 458 - 285. Suppose -5*x = -d - 92, x = d - 2*x + 86. Let t = y + d. What is the units digit of t?
6
What is the hundreds digit of (1/((-2)/(-6)))/(-1 - 84140/(-84110))?
4
Let f be (6 - (11 - -1))*(-90 + 1). Suppose 8*z = f + 554. Let n = z + -24. What is the hundreds digit of n?
1
Let i = 213 - 205. What is the thousands digit of (0 - i)/(-2*8/2216)?
1
Suppose 0 = 13*f - 14*f - 264. Let s = f - -483. What is the hundreds digit of s?
2
Let m(g) = -287*g**2 - 10*g - 5. Let u(f) = 574*f**2 + 19*f + 9. Let v(l) = 11*m(l) + 6*u(l). What is the units digit of v(1)?
0
Let s(u) be the third derivative of -17*u**5/30 + u**4/12 - 37*u**2. Let b be s(-2). Let g = b - -218. What is the tens digit of g?
7
Let j = -110838 - -160069. What is the tens digit of j?
3
Suppose -5*b = -25, 3*x - 83*b - 26858 = -81*b. What is the units digit of x?
6
Let t = -38608 - -61072. What is the thousands digit of t?
2
Suppose -4*q + 7*q = 2*c - 12, -c - 3*q = 3. Let k(p) = 4*p**3 - 2*p**2 - 5*p + 2. What is the units digit of k(c)?
7
Let s = -6278 - -19736. What is the hundreds digit of s?
4
Let s = -29469 + 50071. What is the hundreds digit of s?
6
Let p(v) = -3*v**2 - 19*v - 57. Let t be p(-10). Let y = 376 + t. What is the units digit of y?
9
Let a be (42/(-35))/(3/(-15)). Suppose -2*i - 12 = k, i + 0*k + a = 4*k. What is the hundreds digit of i/(1 - -2)*-49 + 2?
1
Let o(x) = 3*x + 35. Let p be o(-7). Let m(f) = f**3 + 7*f**2 + 10 + 0*f**3 - 4*f**2 - p*f. What is the units digit of m(5)?
0
Let x = -69 + 41. Let i = x + 43. Suppose -5*p + i = 0, 5*p - 462 = -5*f + p. What is the tens digit of f?
9
Let z be 1923 + 3 + (-5)/1. Suppose 0 = -t + z - 567. Suppose 11*r - t = 1121. What is the tens digit of r?
2
Suppose 3*m = 2*m - 14. What is the units digit of 2/m + (-14232)/(-56) + -6?
8
Suppose -37*r = -3520068 + 746955. What is the thousands digit of r?
4
What is the tens digit of -24*((2700/(-48))/(-25))/(6/(-1252))?
6
Let u(h) = -h**2 - 21*h - 6. Let c be (-218)/(-8) + 6/(-24). Let y be 3 - 9/(c/60). What is the units digit of u(y)?
2
Suppose 2*w + 0*w + 4 = -2*l, 0 = -3*l - 5*w - 16. Let c(f) = -f**3 - 6*f**2 + 8*f + 8. Let q be c(-7). What is the tens digit of l*(q - (-116)/12)?
3
What is the units digit of (44/(-5))/22*-31480?
2
What is the tens digit of -1*((-7 - -10) + -8779 + -4)?
8
Let g(d) = 58*d**2 + 34*d + 22. Let x be g(-23). What is the hundreds digit of x/42 + 3/(-7)?
7
Let w(a) = a + 4. Let i be w(0). What is the tens digit of (((-16)/i)/8)/(3/(-3528))?
8
Suppose r - 17107 + 1668 = 0. What is the thousands digit of r?
5
Let i = -15763 + 31518. What is the tens digit of i?
5
Let u(o) = -o**2 - 6*o + 21. Let y be u(-8). Let f be 80/50 + 2/y. Suppose 290 = 2*w - 4*t, 5*w = -f*t + t + 670. What is the units digit of w?
5
Let q = -14 + 93. What is the units digit of ((-6)/(-45) - (-39)/45)*q?
9
Suppose -k - 23 + 39 = 5*b, -5*b = 2*k - 22. Suppose x = -5*o + 2109, -2*x - 1690 = -k*o + 2*o. What is the tens digit of o?
2
Let q = 42932 - 1311. What is the units digit of q?
1
Let z be (-8)/(-40) + (-519)/(-5). Let n(a) = -2*a**2 + 3*a - 3. Let j be n(-3). Let i = j + z. What is the tens digit of i?
7
What is the ten thousands digit of 8/(-12) + 281648/(-96)*-20?
5
Let q(s) = 3*s**3 + 2*s**2 - 1. Let j = 51 - 50. Let g be q(j). Let m = g + 271. What is the hundreds digit of m?
2
Suppose 16*s - 387208 = 96952. What is the units digit of s?
0
Let j be 2/3 + ((-5560)/12)/2. Let d be 3/(-7) - 11/(j/72). Suppose d*v - 3*g - 336 = 0, -4*v + g = 41 - 501. What is the tens digit of v?
1
Let z = -34154 + 41212. What is the units digit of z?
8
Let m(s) = 16*s**2 - 86*s + 1347. What is the ten thousands digit of m(47)?
3
Let d(j) = -3*j**3 + 31*j**2 + 20*j + 68. What is the units digit of d(-7)?
6
Let d = 23555 + -5389. What is the ten thousands digit of d?
1
Suppose 3*d - 5*h = -3*h + 524, 0 = 4*d - 2*h - 700. Suppose 5*j = 3*j - d. Let g = -21 - j. What is the units digit of g?
7
Let r(h) = 574*h**2 + 93*h + 369. What is the units digit of r(-9)?
6
Let n = 647 + -450. Suppose -5*o - 5*p - 170 = 0, -5*o - n = -8*p + 4*p. Let q = 7 - o. What is the tens digit of q?
4
Suppose -34*g - 542177 = -92*g - 2893. What is the thousands digit of g?
9
Let m be (-4)/(-6)*90/12. Suppose -5*r = -2*z - 1726, m*z + 18 - 3 = 0. Suppose 5*d = 4*u - 500, 3*u + d - r = 12. What is the tens digit of u?
2
Let v(i) = -i**3 + 23*i**2 - 60*i + 3. Let p be v(20). Suppose -3*r + 47 + 2988 = 4*c, 0 = -p*c + 2*r + 2255. What is the tens digit of c?
5
Let c(x) = 383*x - 285. Let a be c(-35). What is the units digit of a/(-8) - (-29)/(-116)?
1
Suppose 2*i - w - 4872 = -1066, 5*i - 9528 = -4*w. What is the thousands digit of i?
1
Suppose -12*z = -88129 - 36910 - 73585. What is the tens digit of z?
5
Let g(j) = -4669*j - 2098. What is the hundreds digit of g(-2)?
2
Suppose 0 = -3*a - 2*w - 9 + 5, 4*a - 2*w + 10 = 0. What is the units digit of (223/a)/((-11)/22)?
3
Let c = 5762 + -3640. What is the tens digit of c?
2
Let n = 1743 - 162. Suppose -4*d + n = -267. What is the units digit of d?
2
Let w(y) = y**3 - 20*y**2 - 20*y - 20. Let r be w(21). Let c be 3/(-6)*r + (-1095)/6. Let l = 384 + c. What is the tens digit of l?
0
Let z = -8287 + 13683. What is the tens digit of z?
9
Suppose 0 = -b - 3, -2*y - 2*b + 93 = -5*y. Let u(o) = -6*o + 22. Let s be u(0). What is the tens digit of y/s*124/(-3)?
6
Suppose -24*r + 1590 = -18*r. Let j = -17 + r. What is the units digit of j?
8
Let c = -16210 - -35268. What is the hundreds digit of c?
0
Let t(m) be the second derivative of 11*m**3/6 - 19*m**2/2 + 32*m. What is the hundreds digit of t(18)?
1
Suppose 4*g = 4*g - 3*g. Let s(f) = f + 596. Let n be s(g). Suppose -5*q + n = 2*x, -5*x + x = -5*q + 608. What is the units digit of q?
0
Suppose -80846 = 64*y + 88312 - 714054. What is the units digit of y?
4
Let n be 4/(10/35 + 12/7). Suppose -2023 = w + n*s, -3*s = -w - 1815 - 183. What is the tens digit of w/(-18) - (-2)/12?
1
Suppose 844440 = -2854*c + 2866*c. What is the hundreds digit of c?
3
Let q = 104 + -107. What is the units digit of (3 + (-30)/4)*172/q?
8
Suppose 2*l = -3*j + 13684, -6*l - 13684 = -8*l - 2*j. Suppose 0 = -8*x - 3*x + l. What is the tens digit of x?
2
Let j(q) = q**3 + 6*q**2 + q + 6. Let p be j(-6). Suppose -5*u - n - 24 = -p*u, n - 16 = 5*u. What is the units digit of (6/u)/(-1 + (-29)/(-32))?
6
What is the units digit of (-2088)/48*-772 + (0 - 1) + 1?
2
Let w be -80*(4/(-14) + 270/(-525)). Let i = -60 + w. Suppose 5*h - i*v - 412 = 3*h, 5*h = -2*v + 1042. What is the hundreds digit of h?
2
Suppose 900 = -17*c + 6799. Let k = -28 + 75. Suppose 5*t = -k + c. What is th